e highest common divisor of l and 9?
9
Suppose 4*x = -4*w + 224, -4*w + 3*x = -32 - 164. Calculate the highest common divisor of 48 and w.
4
Let w(g) = 6*g + 87. Let t be w(-13). What is the greatest common divisor of 63 and t?
9
Let x(p) = -p**3 + 35*p**2 + 113*p + 39. Let o be x(38). What is the greatest common divisor of 127 and o?
1
Let v(b) = 2*b**3 + 27*b**2 - 11*b - 26. Let m be v(-13). Calculate the highest common factor of m and 39.
13
Suppose -i = 3*s - 310, -3*s + 408 = -5*i + 68. What is the greatest common divisor of 7 and s?
7
Suppose 0 = 4*u - 3*f + 4*f - 149, -3*f + 29 = u. Suppose 0 = 4*q - 58 - u. What is the highest common divisor of 60 and q?
12
Let q be 99 + (-4)/2*2. Calculate the highest common factor of q and 380.
95
Let t = -3 + 23. Suppose 205 = g + 3*b, -6*g = -5*b - 746 - 599. Calculate the highest common factor of g and t.
20
Let n = -229 - -250. Calculate the highest common divisor of 9 and n.
3
Let n be 14/49 - (-60)/(-14). Let v(l) = 3*l**2 + 4*l - 4. Let r be v(n). Suppose 9*i - 28 = 35. Calculate the highest common divisor of i and r.
7
Let s(o) = o**3 + 2*o**2 - 2*o - 1. Let w be s(-2). Suppose p - 32 = -w*p. Calculate the highest common factor of 4 and p.
4
Let o = -997 - -1004. Let n = -1 - -8. Calculate the highest common divisor of n and o.
7
Let w be (-48 + 42)/(1/(-54)). Calculate the greatest common factor of 24 and w.
12
Suppose -4*g + g = -153. Suppose -3*v = -26 - 25. Calculate the greatest common factor of v and g.
17
Let i = 3 - 4. Let c be (1 - -2) + (-9 - i). Let p(u) = u**2 + 4*u + 1. Let o be p(c). What is the highest common factor of o and 15?
3
Let f(k) = -5*k - 6. Let p be f(-3). Suppose 5*x - p*x + 16 = 0. Calculate the highest common factor of 1 and x.
1
Let h(o) = -6*o + 9. Let z be h(-6). What is the greatest common factor of 21 and z?
3
Suppose 0 = -3*x + 4*w + 57, 5*x - 81 = -w + 3*w. Let i be (21/(-14) - -1)*-20. Calculate the greatest common factor of x and i.
5
Suppose 7 = -3*m - 3*i + 58, 2*m + i - 37 = 0. Suppose 0 = -6*w + w + 200. Calculate the highest common factor of m and w.
20
Suppose a = -2*a + 30. Calculate the greatest common factor of a and 35.
5
Suppose -41236 = -37*a - 15*a. Calculate the greatest common factor of a and 26.
13
Suppose 100*y = 98*y + 60. What is the highest common divisor of 30 and y?
30
Suppose -5*a = -2*s - 623, -2*a = s - 154 - 97. What is the greatest common divisor of 10 and a?
5
Suppose 315 = 3*a + 2*a. Let b(w) = w**3 + 6*w**2 + 8*w + 4. Let o be b(-3). Calculate the highest common divisor of o and a.
7
Suppose 0*b = -b + 20. Suppose -3*s + 79 = 5*l, 4*s + 3*l + l - 116 = 0. Let d = 41 - s. Calculate the highest common factor of d and b.
4
Suppose -z + a - 2*a + 89 = 0, -2*z - 4*a + 180 = 0. Let n(u) = u**2 - 11*u - 38. Let h be n(-4). Calculate the greatest common divisor of z and h.
22
Suppose 0 = 3*r - 2*t - 141, r + 3*r - 4*t = 188. Suppose 3*q - 97 - r = 0. Calculate the highest common factor of q and 120.
24
Suppose -562 - 1084 = -2*g - 2*a, 5*g - 4145 = a. What is the highest common factor of 36 and g?
36
Let c = 20 + -9. Let q be 4 + 0 + -3 + -2 + c. What is the highest common factor of 70 and q?
10
Suppose -5*y - 5*p - 150 = 0, 3*y - 6*p + 82 = -5*p. Let q = y - -83. What is the greatest common factor of 11 and q?
11
Let x = 12 - 2. Let q = -122 - -192. What is the highest common divisor of q and x?
10
Suppose -88*n = -25*n - 46368. What is the greatest common factor of 96 and n?
32
Suppose -3*r - 1 = -28. Suppose 0 = -2*l - 5*d + 3*d, 0 = -l - 2*d. Suppose -3*k + l*k + 81 = 0. What is the highest common divisor of r and k?
9
Let a be ((30/(-8))/(-5))/((-1)/24). Let f = 27 + a. Calculate the highest common factor of f and 63.
9
Let i = 1020 + -1002. Calculate the greatest common factor of 81 and i.
9
Let f(o) = -9*o - 20. Let t be f(-4). Let b be (-354)/12 - (-1)/2. Let l = b + 173. Calculate the highest common factor of l and t.
16
Let q be ((-8)/(-2))/(6 - 5). Let v be 4 + (-117)/(-3) - q. Calculate the greatest common factor of v and 26.
13
Let r = -30 - -43. Let k = 4604 - 4500. What is the highest common factor of r and k?
13
Suppose 0 = -11*x - 203 + 544. Calculate the greatest common factor of x and 124.
31
Let b be 71146/42 + (-25)/(-525). Calculate the highest common factor of 14 and b.
14
Suppose 0 = -4*p + 32 - 0. Let s(r) = -r**3 - 7*r**2 + 12*r - 22. Let z be s(-9). Calculate the highest common factor of p and z.
8
Let x(n) = -n**2 + 8*n + 15. Let m be x(-6). Let s = m + 126. Calculate the highest common factor of s and 19.
19
Suppose 0*v + 2*v = 4*r - 86, -2*v - 68 = 5*r. Let y = -18 - v. Suppose x + 7*q = 3*q + 23, 2*x = -4*q + 26. Calculate the highest common divisor of x and y.
3
Suppose -4*r - f = -133, 3*f - 16 = 5*r - 178. Let s(d) = -10*d**3 + 31*d**2 + d - 1. Let j be s(3). What is the highest common factor of r and j?
11
Let m(u) be the second derivative of u**5/20 + 3*u**4/4 + 7*u**3/6 + u**2/2 - 10*u. Let a be m(-7). What is the greatest common divisor of a and 20?
10
Suppose u - 6 - 46 = 0. Let q = 813 - 787. Calculate the greatest common factor of u and q.
26
Let x be 3/((8/(-24))/(2/(-6))). Suppose 3*w - 903 = x*s, -2*w + 3*s = -0*s - 606. What is the greatest common divisor of w and 33?
33
Suppose 2*c = 4*c + 3*z + 29, -4*z = 4*c + 52. Let r be 792/(-60) - 8/10. Let k be r/(-3) + c/15. Calculate the highest common divisor of k and 12.
4
Suppose -15*v = -10*v + 20, 2*m - 42 = 3*v. What is the greatest common divisor of 30 and m?
15
Suppose o + o - 12 = -i, -3*i - 5*o + 34 = 0. Let v = i - 8. Let f be 14/(-1)*(-8 - v). What is the greatest common divisor of f and 14?
14
Let d(f) = -f**3 + 9*f**2 + 2*f + 17. Let w be d(9). Suppose 4*c - 22 - 7 = -5*a, -a + 4 = -c. What is the greatest common factor of a and w?
5
Let y(v) = -9*v**2 - v**3 - v + 7*v + 4*v + 6. Suppose -9*w - 208 = -118. Let o be y(w). Calculate the highest common factor of o and 6.
6
Let j(w) be the second derivative of 24*w**5/5 - w**3/6 + w**2/2 + 10*w. Let m be j(1). What is the greatest common divisor of m and 12?
12
Suppose -85*r + 101484 = -110761. Calculate the highest common divisor of 11 and r.
11
Suppose j + 0*j - 14 = 2*b, 2*b = 5*j - 70. Let z = j + 1. Let n(o) = -o**2 + 8*o + 5. Let g be n(8). What is the highest common divisor of g and z?
5
Suppose -2*y - 2 = 0, -3*y + 15 = 27*a - 25*a. What is the highest common factor of a and 63?
9
Suppose 3 = 2*k + 313. Let h = k + 161. What is the highest common divisor of h and 18?
6
Let t(x) = -x**3 - 3*x**2 - x + 1. Let n be t(-2). Let i be ((-35)/(-21))/(n/(-99)). Suppose -10 = -h + 5. Calculate the greatest common factor of i and h.
15
Let y be -2 - (4 - -1)*-1. Suppose -2*w + 30 = 2*z, -2*z = -4*w + y*w + 9. What is the greatest common factor of w and 65?
13
Suppose -2*v - 3*c = -4*c - 610, v - c = 306. Calculate the greatest common divisor of v and 19.
19
Suppose 8*j - 211 = -51. Let y = 55 - 39. Suppose 3*r + y = 5*r. Calculate the greatest common divisor of j and r.
4
Let n(u) = -3*u + 97. Let t be 0 + 340/14 - 4/14. Let g be n(t). What is the greatest common factor of 75 and g?
25
Let n = -1 - 6. Let g = 9 + n. Suppose g*r = 7*r - 100. Calculate the greatest common divisor of 50 and r.
10
Let c be 162/12 + (-6)/4. Suppose -4*x - 10 + 26 = 0. What is the highest common divisor of x and c?
4
Let b = 53 + -51. Suppose 5*a - b*a = 12. Calculate the greatest common divisor of 4 and a.
4
Suppose -24*p = -7*p - 1360. What is the highest common factor of p and 90?
10
Let y(w) = -2*w**2 - 47*w - 21. Let o be y(-23). Suppose -2*m = m - 93. Suppose -o*l = -123 - m. What is the highest common factor of 7 and l?
7
Let w(h) = 7*h. Let i(s) = -2*s. Let j(z) = -9*i(z) - 2*w(z). Let c be j(4). What is the greatest common factor of c and 40?
8
Let c = -22 - -42. Let j be (-1 + 0)*-1 + (-10 - -5). Let k be j/(1*(-1)/2). What is the highest common factor of k and c?
4
Let g(p) = 17*p - 34. Let y be g(10). Calculate the highest common factor of 85 and y.
17
Let h(t) be the first derivative of -t**3/3 - t**2/2 + 5*t - 3. Let p be h(-5). Let v be (-410)/p + 4/(-3). What is the highest common factor of v and 26?
26
Let v be -3 + 20/2 + 2737/17. What is the greatest common factor of 15 and v?
3
Let c be 